 4007 + 17447. Suppose b*u - 1141 = 313*u. What is the hundreds digit of u?
1
Let j(y) = -y - 17. Let s be j(-8). Let t(m) be the third derivative of -3*m**4/4 - 25*m**3/6 - 9*m**2 + 1. What is the hundreds digit of t(s)?
1
Let f(a) = -a**2 + 4*a - 2. Let h be f(1). What is the units digit of (h - -245)*3/6?
3
What is the hundreds digit of (270900/135)/(8/228)?
1
Let h(l) = -971*l - 703. What is the thousands digit of h(-10)?
9
Let c(y) be the first derivative of y**5/20 + 7*y**4/24 + y**3/3 - 29*y**2/2 + 13. Let w(v) be the second derivative of c(v). What is the tens digit of w(-6)?
6
Let a(j) = 2*j**2 - 12*j + 3. Let b be a(6). Let f = -134 - -324. Suppose -2*c = -b*o + f, -5*c = -3*o - 47 + 234. What is the units digit of o?
4
Suppose 0 = -5*x + 22*x - 136. Suppose 12*k - 364 = x*k. What is the units digit of k?
1
Suppose 4*t + 5*d - 21 = 6, -2*t = -2*d. Let q(s) = 93*s - 139. What is the units digit of q(t)?
0
Let n be 1/(-1)*4/4. What is the units digit of (-2 - 48/(-40))/(n/465)?
2
Let x be ((-21)/42)/(1/2). What is the hundreds digit of (-73)/(((-6)/18)/(0 - x))?
2
Let c = 2396 + -1891. What is the hundreds digit of c?
5
Let b(i) = -57*i + 126. Let w be b(14). Let c = -449 - w. What is the tens digit of c?
2
What is the tens digit of 283006/142 - (2 - 2)?
9
Let l = -121 + 111. Let v = 58 - l. What is the tens digit of v?
6
Suppose m + c - 16976 = 0, -m + 4*c + 9264 = -7702. What is the thousands digit of m?
6
Suppose -31*y - 143*y + 99006 = 0. What is the units digit of y?
9
Suppose -i - 4*y - 16343 + 81087 = 0, 64738 = i + 5*y. What is the thousands digit of i?
4
Suppose -20 = 4*d, 3*z - 14*d = -9*d + 72934. What is the hundreds digit of z?
3
Suppose 2*l = -4*x - 32, -2*x - 7 - 9 = -2*l. What is the tens digit of 740 - ((-1 - -2) + (x - -3))?
4
What is the hundreds digit of ((-2441760)/120)/(4/(-1))?
0
What is the units digit of 6*3/21 + 43666570/1393?
8
Let r(m) = -134*m**3 - 3*m**2 + 41*m + 244. What is the units digit of r(-5)?
4
Suppose -179*q + 145413 + 226443 = -163*q. What is the hundreds digit of q?
2
Let v(k) = -40*k + 2. Let l be v(-1). Suppose 4*c + 62 = r - 3*r, 35 = -r - 4*c. Let o = r + l. What is the tens digit of o?
1
Let z = 21 + -15. Let f be 6/(z/(-8) + 22/8). Suppose -f*m = -39 - 87. What is the tens digit of m?
4
What is the hundreds digit of 487568/10 - -1*34/170?
7
Suppose 2*l - 7945 = 5*u + 15864, -4*l + 47597 = -3*u. What is the thousands digit of l?
1
What is the units digit of 4 - 58/12 - (-65660)/24?
5
Let j be 96/8*1 + -7. Suppose 4*s - 1307 = b, -j*s + 15*b - 13*b = -1633. What is the tens digit of s?
2
Let r(q) = 282*q + 3583. What is the tens digit of r(81)?
2
Suppose 3*j = -5*u + 43531, -5*j - 4*u - 1744 = -74274. What is the units digit of j?
2
Suppose 305699 = 73*i + 56*i - 713401. What is the units digit of i?
0
Let x be ((-7)/(-2) - 2) + (-1449)/(-18). Suppose 2*p + 3*m - x = 0, 4*p - 80 = 2*p - 4*m. What is the tens digit of p?
4
Suppose 4*d = 2*d - c - 6, 0 = c - 2. Let o = -188 - -176. What is the tens digit of o*16/(-9)*(-6)/d?
3
Let n(k) = 26*k + 10. Let u be 13 + 3/15*5. Let y be 28/10 + u/70. What is the tens digit of n(y)?
8
Suppose 30*w - 42*w = -36. Suppose 3*v + v - 3*g - 224 = 0, -w*v + 2*g = -167. What is the units digit of v?
3
What is the ten thousands digit of ((2199076/55)/(-46))/((-4)/170)?
3
Let m(i) = 21*i - 23. Let j be m(11). Let r = j + 89. What is the tens digit of r?
9
What is the hundreds digit of (-56)/(-112) - 8849/(-2)?
4
Suppose -5*d = 3*z - 388288, -1592*d + 1597*d = 2*z + 388333. What is the hundreds digit of d?
6
Let i(w) = 49*w**2 - 8. Let o be i(3). Let k = 241 - o. Let c = k + 319. What is the tens digit of c?
2
Let b(w) = 3*w**2 + 80*w + 78. Let l be b(-38). Suppose -1744 = -3*r + l. What is the units digit of r?
8
Suppose -5*c + v + 52620 = 0, 5*c + 5*v - 44927 = 7723. What is the tens digit of c?
2
Suppose -557*y + 255330 = -548*y. What is the tens digit of y?
7
Let n(x) = -x**2 + 6*x - 13. Suppose 5 = 21*f - 20*f. Let g be n(f). What is the units digit of 2/g - (-453)/4?
3
Suppose -g - 2*z = -1154, -2*g + 1110 + 1170 = -3*z. What is the tens digit of g?
4
Let h be (-1368)/(-104) + -8 + (-4)/26. Suppose k = h*l - 4907, 0 = 3*l - 2*k - 2876 - 71. What is the tens digit of l?
8
Let w(a) = a + 2. Let h be w(8). Let i be 72/27 - (h/3)/5. Suppose -8*u + 4*u = i*c - 1030, -u = 5*c - 235. What is the units digit of u?
0
What is the thousands digit of (-8)/(-22) - 4363580/(-572)?
7
Let m = 104 + -100. Let s be m - 0*(-1)/4. What is the units digit of 90 - (s - (-3 + 2))?
5
Let o(y) = -y**3 - 6*y**2 + 30*y + 2. Let w be o(-10). Suppose 4*p + 5*j - 4*j - 182 = 0, 2*p - w = 5*j. What is the tens digit of p?
4
Let a(l) be the second derivative of 7*l**4/3 + l**3/6 + l**2/2 + 21*l. Let v be a(1). Suppose -v*n + 25*n + 130 = 0. What is the tens digit of n?
2
Let m = -24682 - -59879. What is the tens digit of m?
9
Let n = -1083 - -1696. Suppose n = 3*b - 179. What is the tens digit of b?
6
Suppose -137147 = -4*i - v, 20 = 162*v - 166*v. What is the tens digit of i?
8
Let u(v) = v**3 - 6*v**2 - 5*v - 8. Let r be u(8). Let d = r + -79. What is the units digit of (201/(-3 - 0))/(d + -2)?
7
Let k be 1 - ((-46)/(-14) + (-18)/63). Let p be k/12 - (-186)/36. Suppose -p*h + 710 = 155. What is the units digit of h?
1
What is the units digit of (-6)/4 + (-63498)/24*-2?
0
Let n(q) = -q**3 - 2*q**2 + 72*q + 5. What is the hundreds digit of n(-16)?
4
Suppose 15*o - 9243 - 11901 = 30111. What is the tens digit of o?
1
Suppose 74 - 308 = -39*r. What is the hundreds digit of ((-1380)/r)/(-1) - 3?
2
Let t = 91 + -139. Let h = -39 - t. Let y(x) = x**3 - 6*x**2 - 20*x + 20. What is the units digit of y(h)?
3
Let a be (-8 + -4)*((-7)/(-4) + 1). What is the hundreds digit of ((-157)/3)/(a/99)?
1
Let a(m) = 9*m**2 + 4. Let d be (-12)/78 + (-126)/26. Let c(n) = 17*n**2 + n + 9. Let q(w) = d*a(w) + 3*c(w). What is the units digit of q(-3)?
2
Suppose -12*f + 10*f - 6 = 0. Let o be 98/(f/6 - -1). Let t = 282 - o. What is the units digit of t?
6
Let b be (-2)/((-6)/3) - (4 - 10). Let y(k) = -3*k**2 - 10*k - 26. Let m(l) = -2*l**2 - 5*l - 13. Let n(j) = -5*m(j) + 3*y(j). What is the units digit of n(b)?
1
Let c(s) = s**2 - 4*s + 72. Suppose -5*b - 5*y = 0, 5*y = 2*b + b. Let v be c(b). Let i = v + 51. What is the units digit of i?
3
Let c = 25897 + -15241. What is the hundreds digit of c?
6
Suppose 0 = 125*x - 880620 + 24245. What is the thousands digit of x?
6
Suppose -14*d + 12*d = 0. Suppose 173 = 2*u + h, d*h = 3*h + 9. What is the tens digit of u?
8
Let d(l) = -116*l + 50. Let i(s) = -s + 21. Let j be i(25). What is the hundreds digit of d(j)?
5
Suppose 2116 + 647 = 9*d. Suppose -4*l = -d - 225. Suppose 3*i + l = r, r + i = -4*r + 729. What is the tens digit of r?
4
Suppose -5*p + 3*n = -17, -2*p = 3*p + 5*n - 25. Let q be 2244/110 - p/10. Suppose q*i + 665 = 27*i. What is the tens digit of i?
9
Let n = -103 + 23. Let b = n + 83. Suppose -x - b*h + 6*h + 57 = 0, -5*x + h = -243. What is the units digit of x?
8
Let d(a) = -11*a - 7. Let g be d(7). Let q = g + 22. Let w = q + 275. What is the hundreds digit of w?
2
Let y = -310 + 312. Let u(h) = 541*h + 15. What is the hundreds digit of u(y)?
0
What is the tens digit of 22/12 - 18/12 - (-607628)/84?
3
Let g(s) = 58*s**2 - 3*s + 22. Let l be g(5). Suppose 0 = -19*b + 576 + l. What is the hundreds digit of b?
1
Let j(b) = 169*b**3 - b + 2. Suppose -o - 10 = -5*u, 4*u - 2*o + 0*o = 14. What is the hundreds digit of j(u)?
1
Let c(h) = 67*h**2 - 12*h + 627. What is the units digit of c(13)?
4
Let g(x) = -3*x + 33. Let c be g(10). Suppose -5*l + 535 = c*a, 4*l - 4*a = 2*l + 240. What is the hundreds digit of l?
1
Let x be 3/(-6) - 41670/20. Let h = 3008 + x. What is the tens digit of h?
2
Suppose n + 226 + 737 = 4*p, 5*n = 25. Let j be (-82)/((40/12)/(-5)). Suppose -5*v + p = -j. What is the tens digit of v?
7
Suppose 0 = 5*s + 5, 3*s + 67712 = 4*b + 4365. What is the tens digit of b?
3
Let r(h) = 87*h - h**2 + 4 + h**2 - 83*h - h**2. Let o be r(-7). Let y = o + 151. What is the tens digit of y?
7
Let x(w) = -w**3 + 7*w**2 - 2*w - 3. Let d be x(7). Let t = 11 + d. Let a(f) = -10*f + 12. What is the units digit of a(t)?
2
Suppose -2*h + 67 - 65 = 0. Su